7 prime?
False
Is 5876117 a composite number?
True
Is 14339503 a prime number?
True
Is 1645529 prime?
True
Is 17117042 a prime number?
False
Is 512137 prime?
True
Is 7918291 a prime number?
True
Is 114747505 composite?
True
Is 114546889 a prime number?
False
Is 3944679 a composite number?
True
Is 26015833 a composite number?
False
Is 59284507 a prime number?
True
Is 112950443 composite?
False
Is 4731479 prime?
True
Is 118273983 composite?
True
Is 29721257 prime?
False
Is 238885519 prime?
False
Is 130352359 composite?
False
Is 146193197 a composite number?
False
Is 2946319 a composite number?
False
Is 2054827 a composite number?
True
Is 3274601 a composite number?
True
Is 19088609 a prime number?
False
Is 5401271 a composite number?
True
Is 8479997 a composite number?
True
Is 1457011 a composite number?
False
Is 3286421 prime?
False
Is 2815789 a composite number?
True
Is 50650307 prime?
True
Is 975509 prime?
True
Is 81976819 a prime number?
True
Is 22892021 a composite number?
False
Is 6145511 composite?
False
Is 10539941 a composite number?
False
Is 2474809 a composite number?
True
Is 894869 a composite number?
False
Is 1376203 composite?
False
Is 28796429 prime?
False
Is 696689 composite?
True
Is 4261955 a composite number?
True
Is 378951 prime?
False
Is 117174238 a prime number?
False
Is 38330797 prime?
True
Is 4874633 composite?
False
Is 9628519 a composite number?
False
Is 1688471 composite?
False
Is 104943451 composite?
False
Is 11936473 a prime number?
False
Is 22471511 a prime number?
True
Is 143282207 a composite number?
True
Is 121249063 prime?
False
Is 1116789631 a prime number?
True
Is 86059723 composite?
False
Is 192473 a prime number?
False
Is 19062761 composite?
True
Is 71107151 a composite number?
True
Is 365621851 a composite number?
True
Is 5351131 a composite number?
False
Is 2456867 a prime number?
False
Is 158014387 a prime number?
True
Is 3633229 composite?
False
Is 7441123 composite?
False
Is 326196187 a composite number?
True
Is 35914939 prime?
False
Is 26726477 a composite number?
True
Is 17527271 prime?
True
Is 20157205 a composite number?
True
Is 415710733 a composite number?
False
Is 25591897 a prime number?
False
Is 118163 a composite number?
False
Is 43870187 a composite number?
False
Is 23408401 a composite number?
True
Is 53205421 a prime number?
False
Is 93465587 prime?
True
Is 47974337 a composite number?
True
Is 17396711 composite?
True
Is 5737279 a prime number?
False
Is 2832241 prime?
False
Is 16882387 prime?
True
Is 8351267 composite?
True
Is 1737221 a prime number?
True
Is 6534113 prime?
False
Is 3892151 prime?
True
Is 15029689 a prime number?
True
Is 54609649 prime?
False
Is 5395879 composite?
False
Is 168209 prime?
False
Is 6508549 a composite number?
False
Is 4697977 composite?
False
Is 24545189 a composite number?
True
Is 52458823 composite?
True
Is 10174029 a composite number?
True
Is 7915931 a prime number?
False
Is 12565841 prime?
True
Is 969637 a composite number?
False
Is 1134541 a prime number?
True
Is 1984511 prime?
True
Is 3443113 composite?
False
Is 12461585 composite?
True
Is 35747527 composite?
True
Is 789731 prime?
True
Is 62183269 prime?
False
Is 659699 composite?
True
Is 12701089 a composite number?
False
Is 95949551 a composite number?
False
Is 2811503 composite?
False
Is 167026529 a prime number?
False
Is 551927 prime?
True
Is 10070653 a composite number?
False
Is 306531461 a prime number?
True
Is 3101449 a prime number?
False
Is 482483 a prime number?
True
Is 417195997 a composite number?
True
Is 222669287 composite?
False
Is 4032799 a composite number?
True
Is 36283681 composite?
True
Is 231543493 prime?
True
Is 339674203 a prime number?
False
Is 1170743 composite?
True
Is 116507 composite?
False
Is 55502357 composite?
False
Is 1666667 a prime number?
False
Is 17530831 a composite number?
False
Is 15815 composite?
True
Is 29268497 composite?
False
Is 43706147 a composite number?
False
Is 2996317 a composite number?
False
Is 744402413 prime?
False
Is 102163637 a prime number?
False
Is 110222963 a prime number?
False
Is 455201 prime?
True
Is 6644674 a prime number?
False
Is 1402081 prime?
True
Is 7148359 composite?
True
Is 4755527 a prime number?
False
Is 78764879 a prime number?
True
Is 1680071 composite?
False
Is 13928221 prime?
True
Is 1153183 a composite number?
False
Is 38069033 a prime number?
False
Is 25051157 prime?
False
Is 1702079 prime?
True
Is 439888793 a composite number?
True
Is 6898861 a prime number?
True
Is 52195231 a prime number?
False
Is 22972363 a prime number?
False
Is 2750369 a composite number?
False
Is 39658823 a prime number?
False
Is 2601197 prime?
True
Is 86144099 prime?
True
Is 1506877 a composite number?
False
Is 3283583 prime?
False
Is 72712291 prime?
False
Is 412556297 prime?
False
Is 18394094 a composite number?
True
Is 1863907 a prime number?
False
Is 2049703 prime?
True
Is 181469669 a composite number?
True
Is 169915589 a prime number?
False
Is 172729 a prime number?
False
Is 578099 composite?
True
Is 1551721 a prime number?
False
Is 15074849 prime?
False
Is 296053 a prime number?
False
Is 3673919 a composite number?
False
Is 39920831 a composite number?
False
Is 9565937 composite?
True
Is 3455579 composite?
True
Is 437897633 composite?
False
Is 114559691 composite?
False
Is 51342829 prime?
False
Is 13544617 prime?
True
Is 25561043 a prime number?
False
Is 139181717 a prime number?
False
Is 113954549 a composite number?
False
Is 356995955 prime?
False
Is 383129939 composite?
False
Is 406519 prime?
False
Is 5612797 prime?
False
Is 1237433 a composite number?
False
Is 4312189 composite?
True
Is 50864903 a composite number?
True
Is 3696247 composite?
False
Is 48689002 a prime number?
False
Is 7285067 composite?
False
Is 4923335 a prime number?
False
Is 165658921 prime?
True
Is 46108217 a prime number?
False
Is 487007 prime?
True
Is 337086587 a prime number?
True
Is 79993873 a composite number?
False
Is 1127267389 a composite number?
False
Is 107833441 composite?
False
Is 8679037 a composite number?
False
Is 7776971 composite?
False
Is 41191 a prime number?
False
Is 18936271 a prime number?
True
Is 15323789 a composite number?
True
Is 24399901 a prime number?
False
Is 105907661 prime?
False
Is 11986493 a composite number?
False
Is 2461211 prime?
False
Is 208049911 a composite number?
False
Is 12175369 composite?
True
Is 381629 a prime number?
True
Is 4955171 a composite number?
True
Is 1072041 prime?
False
Is 16548491 a prime number?
False
Is 1980157 a composite number?
True
Is 4031569 a composite number?
True
Is 2058523 prime?
False
Is 126769667 a composite number?
False
Is 233648887 prime?
True
Is 87238829 a prime number?
False
Is 74546555 prime?
False
Is 1270609 composite?
False
Is 2680231 a prime number?
True
Is 344877539 a composite number?
False
Is 201036371 a prime number?
True
Is 2004131 a composite number?
False
Is 17062481 a composite number?
True
Is 41849567 a prime number?
True
Is 35965949 composite?
False
Is 9530341 a composite number?
True
Is 8966299 a composite number?
False
Is 308448703 a composite number?
False
Is 38068591 a prime number?
False
Is 70159513 composite?
False
Is 281189 composite?
False
Is 3155071 composite?
True
Is 9050911 a composite number?
False
Is 9010207 a composite number?
False
Is 113659703 composite?
False
Is 38735863 a composite number?
False
Is 664623067 prime?
True
Is 3344398 a prime number?
False
Is 1810153 a prime number?
True
Is 227501 a prime number?
True
Is 593259 a composite number?
True
Is 125549 a prime number?
False
Is 203631143 prime?
False
Is 27155761 a composite number?
False
Is 32009717 composite?
False
Is 14643361 composite?
True
Is 737249621 a prime number?
True
Is 461749787 prime?
True
Is 135255541 a composite number?
False
Is 3103483 a composite number?
False
Is 30187241 prime?
False
Is 526511 a prime number?
True
Is 3657217 composite?
False
Is 184206907 a prime number?
False
Is 48598807 composite?
True
Is 197413 composite?
True
Is 94693355 a composite number?
True
Is 37845703 composite?
True
Is 35432237 prime?
True
Is 3589639 prime?
False
Is 43239883 prime?
True
Is 85614709 a prime number?
True
Is 48062431 a composite number?
True
Is 195169 a composite number?
True
Is 520733 prime?
False
Is 7